e factors of m?
2, 3
Suppose 3*d = 4*d - 4. What are the prime factors of 42 + d + 4/(-4) + 3?
2, 3
Suppose 15 = h - 5. Let l be 5/h - (-18)/(-8). What are the prime factors of (l + (-9)/(-3))*7?
7
Let j be 1/(((-2)/(-15))/(6/(-9))). What are the prime factors of 4/(-10) + (-1192)/j + 3?
241
Suppose -3*n + q = -185, -n - q + 59 = -0*n. Let j = n + -37. What are the prime factors of j?
2, 3
Let z = 76 - -69. What are the prime factors of z?
5, 29
Let c = 14 + -18. Let i(w) = -w - 1. Let d be i(c). Let v = 15 - d. List the prime factors of v.
2, 3
Suppose j = -5*j + 456. Let t = 28 + j. List the prime factors of t.
2, 13
Suppose 10 = -3*v + 25. Suppose -32 = 13*i - v*i. List the prime factors of (-1)/(i/56 + 0).
2, 7
Let j(r) be the first derivative of 0*r + 5/2*r**2 + 1 + 1/3*r**3. What are the prime factors of j(-6)?
2, 3
Let u(l) = 15*l**3 + l**2 + 15*l - 25. List the prime factors of u(3).
2, 7, 31
What are the prime factors of (-5 + 9 - 12) + 1553?
3, 5, 103
Let a be 48/36*1*3. Let r(n) = -2*n + 1. Let m be r(-2). Suppose 0 = -a*l + 4*s + s + 93, 0 = m*l - 2*s - 112. What are the prime factors of l?
2, 11
Let c = -969 - -1495. What are the prime factors of c?
2, 263
Suppose y = 5*y + 5*i - 151, i = -5*y + 173. What are the prime factors of y?
2, 17
Let a be (-24 - (-1 + -1))/(-2). Suppose 4*r = -3*k + 195, -2*k + 2*r + 145 = 29. Let l = k - a. List the prime factors of l.
2, 5
Let k = -79 + 270. What are the prime factors of k?
191
Let h be (-2)/12 + 2585/66. Let b = h - -212. List the prime factors of b.
251
Let o = 455 - -225. What are the prime factors of o?
2, 5, 17
Let q = 656 + -502. What are the prime factors of q?
2, 7, 11
Let j(z) = 82 - 51 - 7*z - 5*z**3 - 8*z**2 + 4*z**3. What are the prime factors of j(-9)?
5, 7
Let b(m) be the third derivative of -m**5/120 - m**4/8 - 5*m**3/6 - 2*m**2. Let s(i) be the first derivative of b(i). What are the prime factors of s(-8)?
5
Let y be (3/(-9))/((-2)/48). Let n be -10 + y - 1*4. Let t = 8 + n. List the prime factors of t.
2
Let q(z) = -z**3 - z**2 + z + 17. Let t be q(0). Suppose t*x - 13*x = 0. Suppose 4*l - 108 + 44 = x. List the prime factors of l.
2
Suppose 3*q + 5*h = -q + 86, 3*q = -3*h + 63. Let m = 10 - q. Let x = 22 - m. What are the prime factors of x?
31
Let n = 611 + -372. What are the prime factors of n?
239
Let s(v) = 3 - 2*v**2 + 4*v + v**2 + 2*v**2. Let h be s(-4). Suppose 134 + 89 = 5*d + n, -6 = h*n. What are the prime factors of d?
3, 5
Let j(t) = -2*t**3 + 5*t**2 + t. Suppose 0 = -3*m - m - 20, -4*z + 3*m + 27 = 0. Let p be j(z). List the prime factors of 245/10*p/(-3).
7
Suppose -7*m + 4*j = -2*m - 13549, 5420 = 2*m - 2*j. List the prime factors of m.
3, 7, 43
Suppose 1157 = 4*q - 1231. List the prime factors of q.
3, 199
Suppose -5*w = t - 9, 0 = -5*t + 4*w - w - 39. List the prime factors of (3 - 22/6)/(t/864).
2, 3
Let r = 18 - 13. Suppose -59 = -r*u + 3*m, -2*u + 45 = u - 5*m. List the prime factors of u/((-20)/28 + 1).
5, 7
Let g(t) = -t**3 - t**2 - 3*t + 4. Let i be g(0). Suppose -225 - 367 = -i*d. What are the prime factors of d?
2, 37
Suppose 2*n + 6 = t, -t + 12 = -5*n - 3. Let p(x) be the first derivative of -3*x**4/4 - 4*x**3/3 + x**2/2 - x - 4. List the prime factors of p(n).
41
Let g(s) = 9*s - 2 - 8 - 2 + 9. Suppose 3*l = 2*z - 1, -5*l = -0*l - 3*z. What are the prime factors of g(l)?
2, 3
Suppose 4*g + 3*n = -7, 4*g + 4*n + 4 = -8. Suppose 0 = -3*t + 4*t + 3*m + 166, 2*t + 348 = -g*m. Let o = -116 - t. What are the prime factors of o?
2, 31
Let m = -842 + 1607. What are the prime factors of m?
3, 5, 17
Suppose -3*p + 9 + 0 = 4*l, -2*p - 2 = 0. Suppose l*w = -5*x + 28, 6*w - 18 = 4*w - 4*x. Suppose 4*q - 87 = -w. List the prime factors of q.
19
Suppose 0 = -o - 2*i + 130 + 170, o - 309 = i. List the prime factors of o.
2, 3, 17
Let n(j) = 183*j**3 + 5*j**2 - 2*j + 2. What are the prime factors of n(2)?
2, 3, 13, 19
Suppose 3*t - 1071 = 3*m, 2*t + 0*t - m = 710. What are the prime factors of t/6 - (-1)/6?
59
Let d(o) = o**3 + 7*o**2 - 10*o - 16. Let i be d(-8). Suppose -2*g - g + 132 = -3*s, 5*g - 3*s - 222 = i. List the prime factors of g.
3, 5
Let n = 30 - 30. Suppose n = 4*s - s - 210. What are the prime factors of s?
2, 5, 7
Let d = 817 + -137. Suppose -7*h + 652 = 2*n - 5*h, 2*n - d = 5*h. Suppose 0 = -5*f + 3*t + n, 0 = -2*f + t - 4*t + 132. What are the prime factors of f?
2, 3, 11
Let f = 26 - -1. Suppose 0 = 10*w + 4*w. Suppose -5*s - 3*p + 20 = w, s + p - 5*p = f. What are the prime factors of s?
7
Let u(h) = h**3 + 8*h**2 - 9*h - 1. Let q be u(-5). Let a = -42 + q. What are the prime factors of a?
7, 11
Suppose -172 = s - 3*s. Suppose s = p + 17. List the prime factors of p.
3, 23
Let k(w) be the third derivative of -w**6/120 + w**5/30 + w**4/4 + 2*w**3/3 - 21*w**2. List the prime factors of k(3).
13
Let i(d) = d**3 - 6*d**2 - 3*d - 6. Let s be i(6). Let m be s/6*9/2. Let k = -2 - m. What are the prime factors of k?
2
Let s = 94 - 89. Let u(r) = 6*r**2 + r - 5. What are the prime factors of u(s)?
2, 3, 5
Suppose 20*q + 3 = 23*q. Let j(k) = -3*k + 1. Let g be j(-7). Let f = q + g. What are the prime factors of f?
23
Suppose 65*f = 61*f + 4. List the prime factors of (0 - 13/2)/(f/(-12)).
2, 3, 13
Let z be (6 - 8) + (-3 - -5). Suppose z = 2*m - 5*g - 21, 4*m - 57 = 5*g - 0*g. What are the prime factors of m?
2, 3
Let g(u) = 6*u**3 + 37*u**2 - 19*u + 57. Let h(z) = -2*z**3 - 12*z**2 + 6*z - 19. Let j(t) = 6*g(t) + 17*h(t). List the prime factors of j(-9).
127
Suppose 3*r = -5*k - 1090, 0 = r - 2*r + 4*k - 335. Let o = -222 - r. Suppose -5*g + o = 4*f, -2*g + g + 4*f + 17 = 0. List the prime factors of g.
5
Let h(f) = 44*f - 92. What are the prime factors of h(22)?
2, 3, 73
Let m(d) = -d**3 - 2*d**2 + 3*d - 2. Let v be m(2). Let o = v - -16. Let j(p) = 2*p**2 - 5*p + 1. List the prime factors of j(o).
13
Let d(m) = -13*m - 2. Let f(p) = 7*p + 1. Let w(u) = 3*d(u) + 5*f(u). Let o be w(-1). Suppose 2*g + k - 122 = o*k, -g + 64 = 2*k. List the prime factors of g.
2, 31
Let p be -24*(-6)/18 + 1/(-1). Suppose 18 - 93 = -n. Suppose 2*s + n = p*s. List the prime factors of s.
3, 5
Suppose 2*w = -69 + 197. Let i = w + 15. Suppose i = 5*n - 286. List the prime factors of n.
73
Let v(n) = -457*n**2 + 8*n - 8. Let o be v(1). Let x = o - -762. What are the prime factors of x?
5, 61
Suppose 5*c - 13 = 7. Suppose 0 = -3*x + x + c. Suppose 5*p + u = 95, 2*u + 57 = p + x*p. What are the prime factors of p?
19
Let i(a) be the third derivative of 17*a**6/30 + a**5/60 - a**4/12 + a**3/6 + a**2. Let x be i(1). Let k = x - 46. What are the prime factors of k?
2, 11
Suppose 32*s = 65*s - 103488. What are the prime factors of s?
2, 7
Let c(w) be the third derivative of w**4/12 + 7*w**3/2 + 14*w**2. Let y be c(-7). List the prime factors of (-4)/y + (-624)/(-14).
2, 11
Let u = 180 - -205. Suppose 0 = 5*w - v - u, -4*w + 297 = -0*w - 3*v. List the prime factors of w.
2, 3, 13
Let p(s) be the first derivative of s**4/6 + s**3 - s**2 + 5*s - 4. Let b(x) be the first derivative of p(x). What are the prime factors of b(-5)?
2, 3
Let k(i) = 26*i**2 + 25. List the prime factors of k(5).
3, 5
Suppose -29*d + 45212 - 10064 = 0. What are the prime factors of d?
2, 3, 101
Suppose -4*b + 6 = -b. Let i(p) = p**3 - 4*p**2 - 4*p + 27. Let w be i(6). Suppose -l = 4*l + 4*c - 45, -5*l = -b*c - w. List the prime factors of l.
13
Let u(o) = -31*o**3 - o**2 - 25*o - 5. List the prime factors of u(-5).
2, 5, 397
Let d(v) = -v**2 + v + 1. Let m(h) = 4*h**2 - 10*h - 2. Let a(p) = -6*d(p) - m(p). Let c be a(-4). Let f = c - -13. What are the prime factors of f?
5
Suppose -4*c = -6*t - 5004, t - 170 - 3594 = -3*c. List the prime factors of c.
2, 3, 11, 19
Let b = -372 - -767. Suppose -3*y = -8*y + b. Suppose 0 = 2*f - 39 - y. What are the prime factors of f?
59
Let j = 203 + -88. Let d = 202 - j. List the prime factors of d.
3, 29
Let k(f) be the second derivative of -f**5/10 + f**4/4 + f**3/3 - f**2 - f. Let i be k(-4). Suppose -4*d + i = 62. List the prime factors of d.
2, 13
Suppose -w = 3*a - 2496, -a = -2*w + 2686 + 2278. What are the prime factors of w?
2, 3, 23
List the prime factors of (2 - (-1340)/8)*(-420)/(-18).
5, 7, 113
Let l = 1003 - 677. List the prime factors of l.
2, 163
Let 